ded by 5?
4
Let x(v) = -3*v + 3. Let f be x(2). Calculate the remainder when 6 is divided by f/(-9) + (-22)/(-6).
2
Let x = -69 - -153. Suppose -x = -w - w. Calculate the remainder when w is divided by 11.
9
Calculate the remainder when 13 is divided by (-3)/4 + (-190)/(-40).
1
Let y = 235 - 218. Let j(z) = -3*z**2 - 8*z + 2. Let q(r) = 16*r**2 + 41*r - 9. Let f(a) = 11*j(a) + 2*q(a). What is the remainder when y is divided by f(-5)?
8
Let o = -10 - -6. Let t = 50 - 27. Calculate the remainder when t is divided by ((-2)/o)/(3/72).
11
Let i = 8 + 0. Let q(s) = -4*s - 1 - 5 + 3. Calculate the remainder when i is divided by q(-2).
3
Let a = -28 + 69. What is the remainder when a is divided by 11?
8
Suppose 10*a - 109 = 71. Calculate the remainder when 35 is divided by a.
17
Suppose -x - 4*f + 27 = 0, -99 = -4*x + f - 8. What is the remainder when x is divided by 8?
7
Suppose 25 = -4*h - 71. What is the remainder when 14 is divided by -4*-2*(-15)/h?
4
Let v = -12 - -49. Calculate the remainder when v is divided by 20.
17
Suppose s = -q + 3*q + 17, 0 = -5*s - q + 30. What is the remainder when s is divided by 5?
2
Suppose -4*o = -2*o - 52. Suppose 3*t + 2*t = 0. Suppose -4*k + k + 27 = t. What is the remainder when o is divided by k?
8
Let w(u) = u**2 - 4*u - 3. Let c be w(5). Let r(a) = -3*a + 1 - 23*a**3 + 8*a**2 - 2*a**2 + 22*a**3. Calculate the remainder when r(c) is divided by 4.
3
Suppose 7*k - 136 = 74. Calculate the remainder when 57 is divided by k.
27
Let r(u) = 3*u + 0*u - 5*u - 5 - 3. Calculate the remainder when r(-6) is divided by 2.
0
Let y(v) = -10*v + 3. Let g = -17 - -14. What is the remainder when y(g) is divided by 9?
6
Let j = -40 - -50. What is the remainder when j is divided by 3?
1
Suppose 3*j - b + 2*b + 9 = 0, -b = 4*j + 12. Let l = 6 - j. Calculate the remainder when 15 is divided by l.
6
Let g = -85 - -90. Let n(c) = -c - 3. Calculate the remainder when g is divided by n(-6).
2
Let z(j) = 315*j**3 + j**2 - j. Let v be z(1). Suppose -400 = -5*y + v. Suppose -y = -3*t - 53. Calculate the remainder when t is divided by 8.
6
Let r(v) = -13*v - 21. What is the remainder when r(-8) is divided by 21?
20
Let n = 132 - 103. What is the remainder when 108 is divided by n?
21
Calculate the remainder when 21 is divided by ((-18)/(-8))/((-42)/(-112)).
3
Calculate the remainder when 112 is divided by ((-3)/2)/((18/40)/(-9)).
22
Let u(k) = 2*k**2 - 6*k - 3. Let z = 1 - 5. Let i(a) = 8*a + 2. Calculate the remainder when u(z) is divided by i(2).
17
Let t(m) = m**3 + m**2. Let a be t(-1). Suppose a = -7*i + 4*i + 18. Let h = 36 - 20. Calculate the remainder when h is divided by i.
4
Calculate the remainder when 6 is divided by (-2 - 0)*-2*(-3)/(-4).
0
Let i be (70/21)/((-2)/3). Let v = i + 9. Calculate the remainder when 6 is divided by v.
2
Let h(g) = -g**3 - g**2 + 3*g + 2. Let k be h(-2). Suppose f + 3*f - 44 = k. Calculate the remainder when 21 is divided by f.
10
Let o(z) = 3*z**3 + 8*z + 1 + z**3 - 8*z**2 - 5*z**3. Let r(x) = x**3 + 2*x**2 - x - 3. Let h be r(-3). What is the remainder when 28 is divided by o(h)?
8
Let y = -10 + 20. Calculate the remainder when y is divided by 4.
2
Let z(u) = -7*u + 4. Let k be (-4)/(-6) - (-87)/(-9). What is the remainder when z(k) is divided by 17?
16
Suppose -5*d - 2*v + 37 = -3, -2*d = 4*v - 16. What is the remainder when 26 is divided by d?
2
Let f(n) = -n**3 - 5*n**2 + 10*n - 2. Let y be f(-7). Suppose 0 = g - 2*v + 6*v - 11, 5*v + 9 = 2*g. What is the remainder when y/2 + 2/(-2) is divided by g?
5
Let u = -20 - -48. Let h = u - 40. Let w = 10 - h. Calculate the remainder when w is divided by 8.
6
Suppose 0 = -2*u - u + 39. Suppose 6*m - 110 = m. Calculate the remainder when m is divided by u.
9
Calculate the remainder when ((-2)/4)/((-4)/56) is divided by 5.
2
Let p(b) = 3*b - 14. Calculate the remainder when p(6) is divided by 3.
1
Suppose 3*n - 12 - 3 = 0. Calculate the remainder when 12 is divided by n.
2
Let j(a) = a**3 - 11*a**2 + 7*a + 10. What is the remainder when j(11) is divided by 22?
21
Let f(a) be the first derivative of 3*a**2/2 + 11*a - 2. What is the remainder when f(9) is divided by 14?
10
Let c(w) = 62*w**2 - w + 1. What is the remainder when c(1) is divided by 13?
10
Let c = 10 + -17. Let o = c - -13. Calculate the remainder when 22 is divided by o.
4
What is the remainder when 39 is divided by 15/10*(32/6 + 2)?
6
Suppose v + x + 7 = -3*v, 4*v = 5*x + 11. Let s = v - -8. Calculate the remainder when s is divided by 5.
2
Let o = -2 + 7. Suppose 5*a - 3*n - 130 = 0, 4*n + o + 47 = 2*a. Let f = -22 + 73. What is the remainder when f is divided by a?
25
Let w(o) = -o**3 - 4*o**2 - 2. Let x be w(-4). Let q be 6/2 - (x + 2). Suppose q = -z + 18. What is the remainder when 29 is divided by z?
14
Suppose -5*s = t - 9 - 25, 4*t = -2*s + 64. Let c(y) = 7*y**3 - y**2 + 2*y - 3. What is the remainder when c(2) is divided by t?
11
Let o = -206 - -220. Calculate the remainder when o is divided by 1/3 - (-42)/9.
4
Let w = -706 + 196. What is the remainder when 14/(-21) + w/(-9) is divided by 15?
11
Let a(w) = -w**3 + 10*w**2 - 8*w - 5. Let d be a(9). Suppose d*b - 30 - 78 = 0. What is the remainder when 53 is divided by b?
26
Let l = 11 - -19. Let w be -1 + (-2)/2 + 5. Suppose -2*q + q = -4*s + l, 0 = -w*s - 2*q + 28. What is the remainder when 15 is divided by s?
7
Suppose 4*z - 43 = 17. Let k = 46 - z. What is the remainder when k is divided by 16?
15
Let p(h) = -5*h + 1. Let i(f) = -f**3 - 4*f**2 + 2*f + 4. Let l be i(-4). What is the remainder when p(l) is divided by ((-3)/2 - -1)*-22?
10
Suppose 3*i = 5*i - 44. Calculate the remainder when i is divided by 8.
6
Let x = -15 - -22. Let a = -40 + 120. Suppose 3*h - a = -h. What is the remainder when h is divided by x?
6
Let b(r) = r. Suppose 5*x + 2*f = -f + 25, 4*f = x + 18. What is the remainder when 3 is divided by b(x)?
1
Let x(f) = -f**3 - f**2 - f + 17. Suppose 3*n - 20 = -2*n. Suppose -6*q + 10 = -n*q. Calculate the remainder when x(0) is divided by q.
2
What is the remainder when 42 is divided by 12 + -1*12/4?
6
Let b = -38 - -54. What is the remainder when 47 is divided by b?
15
Let c(d) = -d**3 - 2*d + d**2 + 7*d + 4 + 0*d**2. Let j be c(-3). Suppose 3*z - 172 = -j. Calculate the remainder when z is divided by 17.
15
Suppose -35 + 10 = -k + 4*g, 3*g = k - 21. What is the remainder when 33 is divided by k?
6
Let c = 63 - 37. What is the remainder when 101 is divided by c?
23
Let t be (-2 - -2)/(-3 - -1). Let z be 2 + (0 - 1 - -2). Let q = z + t. Calculate the remainder when 8 is divided by q.
2
Let s be (0 - 2)*(-30)/12. Suppose -o - 2 = 0, -s*v - 65 = -8*v - 5*o. Calculate the remainder when 98 is divided by v.
23
Let y(a) = -a**3 - 4*a**2 + 8*a + 5. Let g be y(-6). Suppose -3*p + g = 2. Let w = 62 + -36. What is the remainder when w is divided by p?
8
Let i(t) = t + 6. Suppose -2*w = -5*x + 99, 5 + 5 = -5*w. What is the remainder when x is divided by i(4)?
9
Let d = 16 - 15. What is the remainder when 2 is divided by d?
0
Let n be (-4)/20 - 81/(-5). Suppose n = 4*j - 8. What is the remainder when 38 is divided by (3/j + 0)*26?
12
Suppose 57 = 7*a - 76. Calculate the remainder when a is divided by 4.
3
Let y be (7 - 5) + 8/2. What is the remainder when 10*1 - 18/y is divided by 5?
2
Let w = 15 - 10. Suppose 325 = -0*a + 5*a + 2*x, 227 = 4*a - w*x. Calculate the remainder when a is divided by 13.
11
Let d be 1/((-1)/1) + -2. Let i(u) = -2*u - 1. What is the remainder when i(d) is divided by 3?
2
Let n = 91 + -44. Suppose -4*b - 3*g = 17, 7*b = 3*b + 3*g - 47. Calculate the remainder when n is divided by b*1/3*-6.
15
Suppose g - 8 = -0*g. Let m(y) = -y**3 + 6*y**2 + 2. Let c be m(6). Suppose 3 = c*q - 43. Calculate the remainder when q is divided by g.
7
Suppose -9*k + 90 = -108. Calculate the remainder when 43 is divided by k.
21
Suppose -37 = -v - 3*z, -33 - 9 = -v + 2*z. Let u(r) = -2*r - 1 - 6*r - 7*r. Calculate the remainder when v is divided by u(-1).
12
Suppose -36 = 31*n - 33*n. What is the remainder when 66 is divided by n?
12
Let m be -3 - (-3 + -4)*1. Let t = m - 0. What is the remainder when 10 is divided by t?
2
Let y(p) be the third derivative of p**4/12 - p**3/6 - 8*p**2. Suppose -4*w + 3*w + 7 = 0. Calculate